alculate the remainder when 3807845 is divided by 1269279.
8
Calculate the remainder when 900270503 is divided by 2604.
2603
Calculate the remainder when 1920691 is divided by 110.
91
What is the remainder when 3356634 is divided by 1741?
1727
Calculate the remainder when 3947693 is divided by 3996.
3641
Calculate the remainder when 3956026 is divided by 359632.
74
What is the remainder when 110059984 is divided by 36686661?
1
What is the remainder when 171516562 is divided by 1232?
1218
What is the remainder when 85164588 is divided by 85?
28
Calculate the remainder when 8053118 is divided by 80.
78
What is the remainder when 762337 is divided by 95291?
9
What is the remainder when 66321629 is divided by 33160791?
47
Calculate the remainder when 300962 is divided by 140.
102
What is the remainder when 179590 is divided by 175795?
3795
What is the remainder when 11027 is divided by 1537?
268
What is the remainder when 7525 is divided by 4469?
3056
What is the remainder when 1413109 is divided by 920?
909
Calculate the remainder when 4473029 is divided by 7959.
71
What is the remainder when 115132 is divided by 8099?
1746
What is the remainder when 116829 is divided by 58399?
31
What is the remainder when 103178 is divided by 33847?
1637
What is the remainder when 751335 is divided by 125201?
129
Calculate the remainder when 38752 is divided by 8742.
3784
What is the remainder when 9422684 is divided by 31726?
62
Calculate the remainder when 169655434 is divided by 27.
16
Calculate the remainder when 2287 is divided by 1111.
65
Calculate the remainder when 590175 is divided by 515.
500
Calculate the remainder when 180493 is divided by 15040.
13
Calculate the remainder when 2235942 is divided by 47573.
11
Calculate the remainder when 7873 is divided by 1217.
571
Calculate the remainder when 9061 is divided by 1676.
681
Calculate the remainder when 5048300 is divided by 97.
32
Calculate the remainder when 4613237 is divided by 186.
65
Calculate the remainder when 7157421 is divided by 1431484.
1
Calculate the remainder when 1210313 is divided by 6082.
6077
Calculate the remainder when 1452656 is divided by 372.
368
What is the remainder when 105163 is divided by 2848?
2635
Calculate the remainder when 1683796 is divided by 7832.
7748
What is the remainder when 12268432 is divided by 195?
7
What is the remainder when 4528845 is divided by 2811?
324
Calculate the remainder when 97731 is divided by 2394.
1971
What is the remainder when 1651393 is divided by 4857?
13
Calculate the remainder when 140083 is divided by 531.
430
Calculate the remainder when 7914463 is divided by 9.
7
Calculate the remainder when 22962528 is divided by 6250.
28
Calculate the remainder when 947780 is divided by 215.
60
Calculate the remainder when 42384 is divided by 41354.
1030
What is the remainder when 400490 is divided by 2013?
1916
What is the remainder when 162559 is divided by 17357?
6346
Calculate the remainder when 6479533 is divided by 15.
13
Calculate the remainder when 992948 is divided by 641.
39
What is the remainder when 18826627 is divided by 2361?
13
Calculate the remainder when 723473 is divided by 240887.
812
Calculate the remainder when 4360043 is divided by 27081.
2
What is the remainder when 182112 is divided by 10094?
420
What is the remainder when 1178152 is divided by 392717?
1
What is the remainder when 16405553 is divided by 64?
49
Calculate the remainder when 30958226 is divided by 20694.
2
What is the remainder when 1248649 is divided by 2063?
534
What is the remainder when 1260536 is divided by 1476?
32
Calculate the remainder when 3767352 is divided by 347.
320
Calculate the remainder when 9620485 is divided by 107.
8
Calculate the remainder when 6023 is divided by 1723.
854
Calculate the remainder when 523019 is divided by 4666.
427
What is the remainder when 8423381 is divided by 9572?
21
Calculate the remainder when 1687559 is divided by 5721.
5585
Calculate the remainder when 10492038 is divided by 1165781.
9
Calculate the remainder when 3736233 is divided by 3060.
3033
What is the remainder when 1924189 is divided by 900?
889
Calculate the remainder when 826450 is divided by 137725.
100
What is the remainder when 34721 is divided by 11276?
893
Calculate the remainder when 44619 is divided by 6332.
295
Calculate the remainder when 1111361 is divided by 27.
14
Calculate the remainder when 25162 is divided by 4405.
3137
What is the remainder when 8861098 is divided by 49?
36
Calculate the remainder when 233020 is divided by 401.
39
Calculate the remainder when 11248316 is divided by 213.
212
What is the remainder when 34362707 is divided by 8?
3
What is the remainder when 55794 is divided by 77?
46
What is the remainder when 60444 is divided by 3118?
1202
What is the remainder when 22908742 is divided by 81?
79
What is the remainder when 1012931 is divided by 337626?
53
What is the remainder when 27938339 is divided by 305?
34
Calculate the remainder when 88114836 is divided by 110.
106
Calculate the remainder when 121876 is divided by 17410.
6
Calculate the remainder when 299429 is divided by 30.
29
What is the remainder when 13374233 is divided by 340?
333
What is the remainder when 64474 is divided by 98?
88
What is the remainder when 160145402 is divided by 3921?
3920
Calculate the remainder when 210142 is divided by 6565.
62
Calculate the remainder when 3748094 is divided by 853.
12
Calculate the remainder when 1012787 is divided by 53298.
125
Calculate the remainder when 43863 is divided by 2737.
71
What is the remainder when 27317268 is divided by 827796?
0
What is the remainder when 18392131 is divided by 1081?
1078
Calculate the remainder when 6441763 is divided by 1073618.
55
What is the remainder when 111184195 is divided by 13898022?
19
Calculate the remainder when 2175129 is divided by 17683.
120
What is the remainder when 132164251 is divided by 18513?
18457
Calculate the remainder when 962803679 is divided by 48.
47
What is the remainder when 145171230 is divided by 48390408?
6
What is the remainder when 137445 is divided by 751?
12
Calculate the remainder when 5146776 is divided by 400.
376
Calculate the remainder when 206585 is divided by 2362.
1091
Calculate the remainder when 808937 is divided by 673.
664
What is the remainder when 35796096 is divided by 105?
21
Calculate the remainder when 77498528 is divided by 8748.
8744
Calculate the remainder when 4391147 is divided by 345.
332
What is the remainder when 905998 is divided by 789?
226
Calculate the remainder when 12056838 is divided by 65.
53
What is the remainder when 3549670 is divided by 265?
260
What is the remainder when 9800715 is divided by 87?
78
Calculate the remainder when 997486 is divided by 116.
2
What is the remainder when 1019208 is divided by 56611?
210
Calculate the remainder when 1092505 is divided by 68281.
9
Calculate the remainder when 110353 is divided by 53947.
2459
What is the remainder when 9665634 is divided by 1253?
1245
What is the remainder when 2354027 is divided by 1358?
613
Calculate the remainder when 30555511 is divided by 2047.
1989
What is the remainder when 2949394 is divided by 9864?
58
What is the remainder when 2405416 is divided by 6120?
256
What is the remainder when 726260 is divided by 85?
20
What is the remainder when 7615205 is divided by 3807594?
17
Calculate the remainder when 18376170 is divided by 92.
90
Calculate the remainder when 811471 is divided by 16560.
31
What is the remainder when 649696 is divided by 1254?
124
What is the remainder when 103866 is divided by 49415?
5036
Calculate the remainder when 1607272 is divided by 229609.
9
Calculate the remainder when 42992 is divided by 1594.
1548
Calculate the remainder when 10257 is divided by 140.
37
What is the remainder when 1608974 is divided by 125?
99
Calculate the remainder when 1082494 is divided by 51541.
133
Calculate the remainder when 3055294 is divided by 3321.
3295
Calculate the remainder when 4984595 is divided by 411.
398
What is the remainder when 2152060 is divided by 2152048?
12
Calculate the remainder when 78584 is divided by 3319.
2247
What is the remainder when 72579 is divided by 304?
227
Calculate the remainder when 173009 is divided by 2